{"id":266167,"date":"2026-05-04T17:26:51","date_gmt":"2026-05-04T17:26:51","guid":{"rendered":"http:\/\/taixiumd5.lol\/?page_id=266167"},"modified":"2026-05-04T17:26:51","modified_gmt":"2026-05-04T17:26:51","slug":"jak-nalezy-przyjmowac-glucophage-aby-uzyskac-najlepsze-wyniki","status":"publish","type":"page","link":"http:\/\/taixiumd5.lol\/index.php\/jak-nalezy-przyjmowac-glucophage-aby-uzyskac-najlepsze-wyniki\/","title":{"rendered":"Jak nale\u017cy przyjmowa\u0107 Glucophage, aby uzyska\u0107 najlepsze wyniki?"},"content":{"rendered":"<h1>Cz\u0119sto zadawane pytania na temat Glucophage Generic: odpowiedzi na 10 najwa\u017cniejszych pyta\u0144<\/h1>\n<p>W tym artykule om\u00f3wiono najcz\u0119\u015bciej zadawane pytania dotycz\u0105ce Glucophage, jego zastosowa\u0144, skutk\u00f3w ubocznych i nie tylko.<\/p>\n<h2>Co to jest Glucophage i jak dzia\u0142a?<\/h2>\n<p>Glucophage, og\u00f3lnie znany jako metformina, to lek stosowany g\u0142\u00f3wnie w leczeniu cukrzycy typu 2. Nale\u017cy do klasy lek\u00f3w zwanych biguanidami. Glukofag dzia\u0142a poprzez zmniejszenie produkcji glukozy w w\u0105trobie i popraw\u0119 wra\u017cliwo\u015bci organizmu na insulin\u0119, co pomaga kontrolowa\u0107 poziom cukru we krwi. Mechanizm ten jest kluczowy u os\u00f3b chorych na cukrzyc\u0119 typu 2, kt\u00f3rych organizm albo nie wytwarza wystarczaj\u0105cej ilo\u015bci insuliny, albo nie jest w stanie efektywnie jej wykorzystywa\u0107.<\/p>\n<p>Opr\u00f3cz swojej podstawowej funkcji, stwierdzono, \u017ce Glucophage ma kilka innych zalet. Mo\u017ce pom\u00f3c zmniejszy\u0107 ryzyko powik\u0142a\u0144 sercowo-naczyniowych, kt\u00f3re s\u0105 cz\u0119ste u os\u00f3b chorych na cukrzyc\u0119. Co wi\u0119cej, niekt\u00f3re badania sugeruj\u0105, \u017ce mo\u017ce mie\u0107 dzia\u0142anie ochronne przed niekt\u00f3rymi rodzajami nowotwor\u00f3w, chocia\u017c potrzebne s\u0105 dalsze badania, aby potwierdzi\u0107 te ustalenia. Zdolno\u015b\u0107 Glucophage do poprawy wra\u017cliwo\u015bci na insulin\u0119 sprawia, \u017ce \u200b\u200bjest on r\u00f3wnie\u017c cenn\u0105 opcj\u0105 w leczeniu zespo\u0142u policystycznych jajnik\u00f3w (PCOS).<\/p>\n<h2>Jakie s\u0105 najcz\u0119stsze skutki uboczne Glucophage?<\/h2>\n<p>Chocia\u017c Glucophage jest og\u00f3lnie dobrze tolerowany, u niekt\u00f3rych os\u00f3b mo\u017ce powodowa\u0107 dzia\u0142ania niepo\u017c\u0105dane. Do najcz\u0119stszych dzia\u0142a\u0144 niepo\u017c\u0105danych nale\u017c\u0105 problemy \u017co\u0142\u0105dkowo-jelitowe, takie jak nudno\u015bci, wymioty, biegunka i dyskomfort w \u017co\u0142\u0105dku. Te dzia\u0142ania niepo\u017c\u0105dane s\u0105 cz\u0119sto \u0142agodne i zwykle ust\u0119puj\u0105, gdy organizm dostosowuje si\u0119 do leku. Przyjmowanie leku Glucophage z jedzeniem mo\u017ce pom\u00f3c zminimalizowa\u0107 te objawy.<\/p>\n<p>W rzadkich przypadkach mog\u0105 wyst\u0105pi\u0107 powa\u017cniejsze skutki uboczne. Jednym z takich schorze\u0144 jest kwasica mleczanowa, czyli nagromadzenie kwasu mlekowego we krwi, kt\u00f3re mo\u017ce by\u0107 \u015bmiertelne, je\u015bli nie zostanie szybko leczone. Objawy kwasicy mleczanowej obejmuj\u0105 b\u00f3l mi\u0119\u015bni, trudno\u015bci w oddychaniu i niezwyk\u0142e zm\u0119czenie. Je\u015bli wyst\u0105pi\u0105 takie objawy, nale\u017cy natychmiast zwr\u00f3ci\u0107 si\u0119 o pomoc lekarsk\u0105. Jak zawsze wa\u017cne jest, aby om\u00f3wi\u0107 wszelkie skutki uboczne lub w\u0105tpliwo\u015bci z lekarzem.<\/p>\n<h2>Jak nale\u017cy przyjmowa\u0107 Glucophage, aby uzyska\u0107 najlepsze wyniki?<\/h2>\n<p>Aby osi\u0105gn\u0105\u0107 najlepsze wyniki stosowania leku Glucophage, wa\u017cne jest przestrzeganie zalecanych wskaz\u00f3wek dotycz\u0105cych dawkowania i podawania, przekazanych przez pracownika s\u0142u\u017cby zdrowia. Glucophage jest zwykle przyjmowany raz lub dwa razy dziennie z posi\u0142kami, aby zmniejszy\u0107 prawdopodobie\u0144stwo wyst\u0105pienia dzia\u0142a\u0144 niepo\u017c\u0105danych ze strony przewodu pokarmowego. Konsekwencja jest kluczowa, wi\u0119c przyjmowanie leku o tej samej porze ka\u017cdego dnia mo\u017ce pom\u00f3c w utrzymaniu stabilnego poziomu cukru we krwi.<\/p>\n<p>Pacjenci powinni r\u00f3wnie\u017c regularnie monitorowa\u0107 poziom cukru we krwi, aby upewni\u0107 si\u0119, \u017ce lek przynosi po\u017c\u0105dane skutki. W celu optymalizacji leczenia cukrzycy cz\u0119sto zaleca si\u0119 dostosowanie diety i \u0107wicze\u0144 fizycznych w po\u0142\u0105czeniu z Glucophage. Nale\u017cy koniecznie unika\u0107 pomini\u0119cia dawek, gdy\u017c mo\u017ce to prowadzi\u0107 do waha\u0144 poziomu cukru we krwi. W przypadku pomini\u0119cia dawki nale\u017cy j\u0105 przyj\u0105\u0107 tak szybko, jak to mo\u017cliwe, chyba \u017ce zbli\u017ca si\u0119 pora przyj\u0119cia kolejnej dawki.<\/p>\n<h2>Czy Glucophage jest odpowiedni dla ka\u017cdego??<\/h2>\n<p>Glucophage jest szeroko stosowanym lekiem, jednak nie <a href=\"https:\/\/pigulkaekspres.pl\/glucophage-generyczny-online-bez-recepty\">https:\/\/pigulkaekspres.pl\/glucophage-generyczny-online-bez-recepty<\/a> jest odpowiedni dla ka\u017cdego. Osoby chore na cukrzyc\u0119 typu 1 nie powinny stosowa\u0107 Glucophage, gdy\u017c jest on nieskuteczny w leczeniu tej postaci choroby. Ponadto osoby z problemami z nerkami lub w\u0105trob\u0105, chorobami serca lub kwasic\u0105 mleczanow\u0105 w wywiadzie powinny unika\u0107 stosowania Glucophage, chyba \u017ce s\u0105 pod \u015bcis\u0142ym nadzorem lekarza.<\/p>\n<p>Kobiety w ci\u0105\u017cy lub karmi\u0105ce piersi\u0105 powinny skonsultowa\u0107 si\u0119 ze swoim lekarzem przed rozpocz\u0119ciem stosowania leku Glucophage, poniewa\u017c bezpiecze\u0144stwo leku w tych populacjach nie zosta\u0142o w pe\u0142ni ustalone. Dok\u0142adna ocena lekarska jest konieczna w celu ustalenia, czy Glucophage jest w\u0142a\u015bciwym lekiem dostosowanym do konkretnych potrzeb zdrowotnych danej osoby. W celu zapewnienia bezpiecznego i skutecznego leczenia zawsze zaleca si\u0119 spersonalizowan\u0105 porad\u0119 lekarsk\u0105.<\/p>\n<h2>Czy Glucophage mo\u017cna przyjmowa\u0107 z innymi lekami??<\/h2>\n<p>Glucophage mo\u017cna przyjmowa\u0107 razem z innymi lekami, nale\u017cy jednak poinformowa\u0107 lekarza o wszystkich przyjmowanych lekach, w tym lekach dost\u0119pnych bez recepty i suplementach. Niekt\u00f3re leki mog\u0105 wchodzi\u0107 w interakcje z Glucophage, wp\u0142ywaj\u0105c na jego skuteczno\u015b\u0107 lub zwi\u0119kszaj\u0105c ryzyko wyst\u0105pienia dzia\u0142a\u0144 niepo\u017c\u0105danych.<\/p>\n<p>Na przyk\u0142ad niekt\u00f3re leki moczop\u0119dne, kortykosteroidy i leki na ci\u015bnienie krwi mog\u0105 zak\u0142\u00f3ca\u0107 dzia\u0142anie Glucophage. Wa\u017cne jest r\u00f3wnie\u017c dok\u0142adne monitorowanie st\u0119\u017cenia cukru we krwi podczas rozpoczynania lub przerywania stosowania jakiegokolwiek leku, poniewa\u017c mo\u017ce by\u0107 konieczne dostosowanie dawki leku Glucophage. Pracownik s\u0142u\u017cby zdrowia mo\u017ce udzieli\u0107 wskaz\u00f3wek dotycz\u0105cych bezpiecznego \u0142\u0105czenia leku Glucophage z innymi metodami leczenia.<\/p>\n<h2>Co powinienem zrobi\u0107, je\u015bli pomin\u0105\u0142em dawk\u0119 Glucophage??<\/h2>\n<p>W przypadku pomini\u0119cia dawki leku Glucophage nale\u017cy j\u0105 przyj\u0105\u0107 tak szybko, jak to mo\u017cliwe, chyba \u017ce zbli\u017ca si\u0119 pora przyj\u0119cia kolejnej zaplanowanej dawki. W takich przypadkach nale\u017cy pomin\u0105\u0107 pomini\u0119t\u0105 dawk\u0119 i powr\u00f3ci\u0107 do zwyk\u0142ego schematu dawkowania. Nie zaleca si\u0119 przyjmowania dw\u00f3ch dawek na raz w celu uzupe\u0142nienia pomini\u0119tej dawki, poniewa\u017c mo\u017ce to zwi\u0119kszy\u0107 ryzyko wyst\u0105pienia dzia\u0142a\u0144 niepo\u017c\u0105danych.<\/p>\n<p>Utrzymanie rutyny mo\u017ce pom\u00f3c w zapobieganiu pomini\u0119ciu dawek. Ustawianie przypomnie\u0144 lub korzystanie z organizera na pigu\u0142ki mo\u017ce by\u0107 skuteczn\u0105 strategi\u0105 zapewnienia sta\u0142ego przyjmowania lek\u00f3w. W przypadku cz\u0119stego pomijania dawek korzystne mo\u017ce by\u0107 om\u00f3wienie z lekarzem alternatywnych schemat\u00f3w dawkowania lub dodatkowych strategii.<\/p>\n<h2>Jak Glucophage pomaga w utracie wagi?<\/h2>\n<p>Glucophage wi\u0105\u017ce si\u0119 z niewielk\u0105 utrat\u0105 masy cia\u0142a u niekt\u00f3rych os\u00f3b, szczeg\u00f3lnie u os\u00f3b z cukrzyc\u0105 typu 2 lub zespo\u0142em policystycznych jajnik\u00f3w (PCOS). Uwa\u017ca si\u0119, \u017ce efekt utraty wagi wynika z poprawy wra\u017cliwo\u015bci na insulin\u0119 i zmniejszonego apetytu, a nie z bezpo\u015bredniego dzia\u0142ania leku.<\/p>\n<p>Dla wielu os\u00f3b chorych na cukrzyc\u0119 typu 2 kontrola masy cia\u0142a jest kluczowym elementem kontroli choroby, a ka\u017cda utrata masy cia\u0142a osi\u0105gni\u0119ta dzi\u0119ki Glucophage mo\u017ce przyczyni\u0107 si\u0119 do poprawy zdrowia metabolicznego. Nale\u017cy jednak pami\u0119ta\u0107, \u017ce Glucophage nie jest lekiem odchudzaj\u0105cym, a g\u0142\u00f3wnym celem jego stosowania jest kontrolowanie poziomu cukru we krwi. Ka\u017cd\u0105 utrat\u0119 wagi nale\u017cy traktowa\u0107 jako korzystny efekt uboczny, a nie g\u0142\u00f3wny cel leczenia.<\/p>\n<h2>Jakie s\u0105 r\u00f3\u017cnice mi\u0119dzy Glucophage a jego wersjami generycznymi?<\/h2>\n<p>Podstawowa r\u00f3\u017cnica mi\u0119dzy Glucophage a jego wersjami generycznymi, takimi jak metformina, polega na marce i kosztach. Wersje generyczne zawieraj\u0105 t\u0119 sam\u0105 substancj\u0119 czynn\u0105 i musz\u0105 spe\u0142nia\u0107 te same standardy bezpiecze\u0144stwa, skuteczno\u015bci i jako\u015bci, co lek markowy. To sprawia, \u017ce \u200b\u200bs\u0105 one bardziej przyst\u0119pn\u0105 opcj\u0105 dla wielu pacjent\u00f3w, bez uszczerbku dla skuteczno\u015bci.<\/p>\n<p>Cho\u0107 niekt\u00f3rzy pacjenci mog\u0105 wyra\u017ca\u0107 obawy co do skuteczno\u015bci lek\u00f3w generycznych, badania konsekwentnie wykazuj\u0105, \u017ce leki generyczne s\u0105 tak samo skuteczne, jak ich markowe odpowiedniki. Pacjenci powinni mie\u0107 pewno\u015b\u0107, stosuj\u0105c generyczne wersje Glucophage, wiedz\u0105c, \u017ce otrzymuj\u0105 te same korzy\u015bci terapeutyczne.<\/p>\n<h2>Jak d\u0142ugo trzeba czeka\u0107, a\u017c Glucophage poka\u017ce wyniki?<\/h2>\n<p>Czas potrzebny do uzyskania wynik\u00f3w przez Glucophage mo\u017ce si\u0119 r\u00f3\u017cni\u0107 w zale\u017cno\u015bci od indywidualnych okoliczno\u015bci. Niekt\u00f3re osoby mog\u0105 zauwa\u017cy\u0107 popraw\u0119 poziomu cukru we krwi w ci\u0105gu kilku dni, podczas gdy u innych mo\u017ce to zaj\u0105\u0107 kilka tygodni. Aby oceni\u0107 skuteczno\u015b\u0107 leku, konieczne jest regularne monitorowanie poziomu glukozy we krwi.<\/p>\n<p>Czynniki takie jak dieta, aktywno\u015b\u0107 fizyczna i przestrzeganie schematu leczenia mog\u0105 mie\u0107 wp\u0142yw na szybko\u015b\u0107 widocznych rezultat\u00f3w. Wa\u017cne jest, aby mie\u0107 realistyczne oczekiwania i kontynuowa\u0107 przestrzeganie zaleconego planu leczenia. Je\u015bli w ci\u0105gu kilku tygodni nie zostanie zaobserwowana znacz\u0105ca poprawa, wskazane jest om\u00f3wienie planu leczenia z lekarzem.<\/p>\n<h2>Jakie \u015brodki ostro\u017cno\u015bci nale\u017cy zachowa\u0107 podczas stosowania Glucophage?<\/h2>\n<p>Podczas stosowania Glucophage wa\u017cne jest przestrzeganie szczeg\u00f3lnych \u015brodk\u00f3w ostro\u017cno\u015bci w celu zapewnienia bezpiecze\u0144stwa i skuteczno\u015bci. Regularne monitorowanie poziomu glukozy we krwi ma kluczowe znaczenie, podobnie jak regularne wizyty lekarskie w celu bie\u017c\u0105cej oceny. Aby unikn\u0105\u0107 potencjalnych interakcji, pacjenci powinni poinformowa\u0107 swojego lekarza o wszelkich innych przyjmowanych lekach lub suplementach.<\/p>\n<p>Zaleca si\u0119 unikanie alkoholu, poniewa\u017c mo\u017ce on zwi\u0119ksza\u0107 ryzyko kwasicy mleczanowej \u2013 rzadkiego, ale powa\u017cnego dzia\u0142ania niepo\u017c\u0105danego leku Glucophage. Pacjenci powinni r\u00f3wnie\u017c nawadnia\u0107 organizm, szczeg\u00f3lnie w okresach wzmo\u017conej aktywno\u015bci fizycznej lub podczas upa\u0142\u00f3w, aby zapobiec odwodnieniu, kt\u00f3re mo\u017ce r\u00f3wnie\u017c zwi\u0119ksza\u0107 ryzyko kwasicy mleczanowej. \u015awiadomo\u015b\u0107 tych \u015brodk\u00f3w ostro\u017cno\u015bci mo\u017ce pom\u00f3c pacjentom skutecznie kontrolowa\u0107 cukrzyc\u0119 podczas stosowania leku Glucophage.<\/p>\n<h2>Czy istniej\u0105 jakie\u015b ograniczenia dietetyczne podczas przyjmowania Glucophage?<\/h2>\n<p>Chocia\u017c nie ma \u015bcis\u0142ych ogranicze\u0144 dietetycznych zwi\u0105zanych konkretnie ze stosowaniem Glucophage, utrzymanie zbilansowanej diety jest wa\u017cne dla optymalnego leczenia cukrzycy. Dieta bogata w pe\u0142ne ziarna, owoce, warzywa, chude bia\u0142ka i zdrowe t\u0142uszcze mo\u017ce pom\u00f3c ustabilizowa\u0107 poziom cukru we krwi i zwi\u0119kszy\u0107 skuteczno\u015b\u0107 Glucophage.<\/p>\n<p>Wskazane jest ograniczenie spo\u017cycia rafinowanych cukr\u00f3w i w\u0119glowodan\u00f3w, poniewa\u017c mog\u0105 one powodowa\u0107 skoki poziomu cukru we krwi. Regularne pory posi\u0142k\u00f3w mog\u0105 r\u00f3wnie\u017c zapobiega\u0107 wahaniom poziomu cukru we krwi. Konsultacja z dietetykiem mo\u017ce zapewni\u0107 spersonalizowan\u0105 porad\u0119 dietetyczn\u0105 uzupe\u0142niaj\u0105c\u0105 stosowanie Glucophage i poprawiaj\u0105c\u0105 og\u00f3lne wyniki zdrowotne.<\/p>\n","protected":false},"excerpt":{"rendered":"<p>Cz\u0119sto zadawane pytania na temat Glucophage Generic: odpowiedzi na 10 najwa\u017cniejszych pyta\u0144 W tym artykule om\u00f3wiono najcz\u0119\u015bciej zadawane pytania dotycz\u0105ce Glucophage, jego zastosowa\u0144, skutk\u00f3w ubocznych i nie tylko. Co to jest Glucophage i jak dzia\u0142a? Glucophage, og\u00f3lnie znany jako metformina, to lek stosowany g\u0142\u00f3wnie w leczeniu cukrzycy typu 2. Nale\u017cy do klasy lek\u00f3w zwanych biguanidami. [&hellip;]<\/p>\n","protected":false},"author":1,"featured_media":0,"parent":0,"menu_order":0,"comment_status":"closed","ping_status":"closed","template":"","meta":{"footnotes":""},"class_list":["post-266167","page","type-page","status-publish","hentry"],"_links":{"self":[{"href":"http:\/\/taixiumd5.lol\/index.php\/wp-json\/wp\/v2\/pages\/266167","targetHints":{"allow":["GET"]}}],"collection":[{"href":"http:\/\/taixiumd5.lol\/index.php\/wp-json\/wp\/v2\/pages"}],"about":[{"href":"http:\/\/taixiumd5.lol\/index.php\/wp-json\/wp\/v2\/types\/page"}],"author":[{"embeddable":true,"href":"http:\/\/taixiumd5.lol\/index.php\/wp-json\/wp\/v2\/users\/1"}],"replies":[{"embeddable":true,"href":"http:\/\/taixiumd5.lol\/index.php\/wp-json\/wp\/v2\/comments?post=266167"}],"version-history":[{"count":1,"href":"http:\/\/taixiumd5.lol\/index.php\/wp-json\/wp\/v2\/pages\/266167\/revisions"}],"predecessor-version":[{"id":266168,"href":"http:\/\/taixiumd5.lol\/index.php\/wp-json\/wp\/v2\/pages\/266167\/revisions\/266168"}],"wp:attachment":[{"href":"http:\/\/taixiumd5.lol\/index.php\/wp-json\/wp\/v2\/media?parent=266167"}],"curies":[{"name":"wp","href":"https:\/\/api.w.org\/{rel}","templated":true}]}}